is divided by 341?
246
What is the remainder when 4738127 is divided by 24?
23
Calculate the remainder when 337831 is divided by 67558.
41
Calculate the remainder when 59630 is divided by 429.
428
What is the remainder when 105547 is divided by 10?
7
Calculate the remainder when 1081968 is divided by 27.
24
Calculate the remainder when 11717 is divided by 11619.
98
Calculate the remainder when 175511 is divided by 2066.
1967
What is the remainder when 141523 is divided by 704?
19
What is the remainder when 9148 is divided by 133?
104
Calculate the remainder when 1803 is divided by 1323.
480
What is the remainder when 181582 is divided by 18?
16
What is the remainder when 2922 is divided by 39?
36
What is the remainder when 273 is divided by 38?
7
Calculate the remainder when 2334 is divided by 91.
59
What is the remainder when 92010 is divided by 4600?
10
Calculate the remainder when 3711 is divided by 281.
58
Calculate the remainder when 20705 is divided by 42.
41
What is the remainder when 23717 is divided by 1693?
15
What is the remainder when 5376 is divided by 19?
18
Calculate the remainder when 192742 is divided by 72.
70
Calculate the remainder when 14206 is divided by 1126.
694
Calculate the remainder when 44648 is divided by 44386.
262
What is the remainder when 5297 is divided by 2?
1
What is the remainder when 14403 is divided by 14393?
10
What is the remainder when 638 is divided by 121?
33
What is the remainder when 11836 is divided by 126?
118
What is the remainder when 39581 is divided by 303?
191
Calculate the remainder when 28285 is divided by 145.
10
Calculate the remainder when 434637 is divided by 19.
12
Calculate the remainder when 36376 is divided by 7240.
176
What is the remainder when 4287 is divided by 213?
27
Calculate the remainder when 85365 is divided by 42669.
27
Calculate the remainder when 29915 is divided by 53.
23
What is the remainder when 817 is divided by 498?
319
What is the remainder when 1313023 is divided by 123?
121
Calculate the remainder when 268825 is divided by 139.
138
What is the remainder when 3940 is divided by 50?
40
What is the remainder when 208111 is divided by 94?
89
What is the remainder when 124864 is divided by 2047?
2044
What is the remainder when 1004 is divided by 169?
159
Calculate the remainder when 2647 is divided by 111.
94
Calculate the remainder when 122204 is divided by 15.
14
What is the remainder when 3733 is divided by 5?
3
What is the remainder when 581189 is divided by 1887?
1880
Calculate the remainder when 9210 is divided by 19.
14
What is the remainder when 937941 is divided by 14?
11
Calculate the remainder when 28812 is divided by 632.
372
What is the remainder when 638870 is divided by 27?
23
What is the remainder when 1735 is divided by 93?
61
What is the remainder when 16223 is divided by 159?
5
What is the remainder when 6842 is divided by 313?
269
What is the remainder when 1416 is divided by 1372?
44
Calculate the remainder when 142565 is divided by 93.
89
Calculate the remainder when 56443 is divided by 510.
343
Calculate the remainder when 5357 is divided by 69.
44
What is the remainder when 58253 is divided by 54?
41
Calculate the remainder when 107247 is divided by 55.
52
What is the remainder when 40336 is divided by 83?
81
What is the remainder when 6620 is divided by 158?
142
What is the remainder when 10615 is divided by 403?
137
What is the remainder when 20505 is divided by 55?
45
Calculate the remainder when 52690 is divided by 71.
8
What is the remainder when 3992 is divided by 190?
2
Calculate the remainder when 4798719 is divided by 230.
229
Calculate the remainder when 1859 is divided by 126.
95
What is the remainder when 32444 is divided by 156?
152
Calculate the remainder when 2135 is divided by 2126.
9
Calculate the remainder when 134635 is divided by 2207.
8
What is the remainder when 979300 is divided by 70?
0
What is the remainder when 149919 is divided by 9?
6
Calculate the remainder when 3236 is divided by 1552.
132
What is the remainder when 42782 is divided by 6109?
19
Calculate the remainder when 21336 is divided by 3550.
36
Calculate the remainder when 76771 is divided by 457.
452
What is the remainder when 70043 is divided by 1594?
1501
Calculate the remainder when 8013 is divided by 58.
9
Calculate the remainder when 2160309 is divided by 77.
74
What is the remainder when 1628 is divided by 383?
96
Calculate the remainder when 56584 is divided by 283.
267
What is the remainder when 25700 is divided by 5?
0
Calculate the remainder when 11485 is divided by 1273.
28
What is the remainder when 81413 is divided by 1197?
17
Calculate the remainder when 10659 is divided by 2121.
54
What is the remainder when 403 is divided by 1?
0
What is the remainder when 581 is divided by 10?
1
What is the remainder when 33792 is divided by 476?
472
Calculate the remainder when 35177 is divided by 1672.
65
Calculate the remainder when 50173 is divided by 64.
61
Calculate the remainder when 62047 is divided by 50.
47
What is the remainder when 51916 is divided by 82?
10
Calculate the remainder when 8022 is divided by 112.
70
Calculate the remainder when 202213 is divided by 183.
181
Calculate the remainder when 10042 is divided by 52.
6
What is the remainder when 15400 is divided by 7694?
12
Calculate the remainder when 183828 is divided by 397.
17
What is the remainder when 3368 is divided by 665?
43
What is the remainder when 22111 is divided by 26?
11
Calculate the remainder when 921995 is divided by 49.
11
What is the remainder when 8299 is divided by 40?
19
Calculate the remainder when 5277 is divided by 573.
120
What is the remainder when 11626 is divided by 53?
19
What is the remainder when 1859 is divided by 33?
11
What is the remainder when 388155 is divided by 131?
2
What is the remainder when 341253 is divided by 760?
13
Calculate the remainder when 247310 is divided by 164.
162
What is the remainder when 3523 is divided by 785?
383
Calculate the remainder when 3223677 is divided by 1460.
1457
Calculate the remainder when 2170 is divided by 370.
320
What is the remainder when 286267 is divided by 40?
27
Calculate the remainder when 4623 is divided by 73.
24
Calculate the remainder when 4240 is divided by 1052.
32
What is the remainder when 100004 is divided by 629?
622
What is the remainder when 695101 is divided by 69?
64
Calculate the remainder when 4655 is divided by 634.
217
Calculate the remainder when 29884 is divided by 490.
484
What is the remainder when 99445 is divided by 2208?
85
Calculate the remainder when 14526 is divided by 501.
498
Calculate the remainder when 16024 is divided by 31.
28
Calculate the remainder when 56210 is divided by 921.
29
Calculate the remainder when 7327 is divided by 28.
19
Calculate the remainder when 136786 is divided by 4145.
1
Calculate the remainder when 19296 is divided by 80.
16
What is the remainder when 108264 is divided by 736?
72
What is the remainder when 25544 is divided by 3193?
0
Calculate the remainder when 520201 is divided by 177.
175
What is the remainder when 205 is divided by 179?
26
What is the remainder when 77305 is divided by 7?
4
What is the remainder when 6794 is divided by 84?
74
What is the remainder when 49711 is divided by 76?
7
What is the remainder when 62 is divided by 46?
16
What is the remainder when 5841 is divided by 5793?
48
Calculate the remainder when 116085 is divided by 8.
5
What is the remainder when 822 is divided by 435?
387
What is the remainder when 1376 is divided by 9?
8
What is the remainder when 560870 is divided by 1558?
1548
What is the remainder when 65010 is divided by 168?
162
What is the remainder when 111635 is divided by 30?
5
What is the remainder when 2101 is divided by 123?
10
What is the remainder when 366111 is divided by 69?
66
Calculate the remainder when 11095 is divided by 72.
7
What is the remainder when 20056 is divided by 284?
176
Calculate the remainder when 90201 is divided by 9020.
1
Calculate the remainder when 96411 is divided by 22.
7
What is the remainder when 7125 is divided by 1186?
9
What is the remainder when 23241 is divided by 3318?
15
Calculate the remainder when 6723 is divided by 121.
68
Calculate the remainder wh